
{"id":20,"date":"2014-04-14T14:23:19","date_gmt":"2014-04-14T13:23:19","guid":{"rendered":"http:\/\/3ronco.vahanus.net\/?page_id=20"},"modified":"2018-05-21T20:04:41","modified_gmt":"2018-05-21T19:04:41","slug":"imprint","status":"publish","type":"page","link":"http:\/\/3ronco.vahanus.net\/?page_id=20","title":{"rendered":"Impressum"},"content":{"rendered":"<p><strong>3ronco.vahanus.net<\/strong><br \/>\nTechnisch und inhaltlich verantwortlich gem\u00e4\u00df \u00a710 Absatz 3 MDStV:<\/p>\n<p>Branko Miki\u0107<br \/>\nEngelbosteler Damm 71<br \/>\n30167 Hannover<br \/>\n+49 (0) 511 9406080<br \/>\n<a href=\"mailto:webmaster(at)vahanus.net\">eMail<\/a><\/p>\n<h3>Haftungshinweis:<\/h3>\n<p>Die inhaltliche Verantwortung \u00fcber die einzelnen Blog-Artikel tragen die jeweilig ersichtlichen Autorinnen und Autoren.<br \/>\nTrotz sorgf\u00e4ltiger inhaltlicher Kontrolle \u00fcbernehmen wir keine Haftung f\u00fcr die Inhalte externer Links. Wir distanzieren uns ausdr\u00fccklich von eventuell ungesetzlichen Inhalten und Meinungen. F\u00fcr den Inhalt der verlinkten Seiten sind ausschlie\u00dflich deren Betreiber verantwortlich.<\/p>\n<h3>1. Inhalt des Onlineangebotes<\/h3>\n<p>Die Autoren \u00fcber\u00adnehmen kei\u00adner\u00adlei Gew\u00e4hr f\u00fcr die Aktualit\u00e4t, Korrektheit, Vollst\u00e4ndigkeit oder Qualit\u00e4t der bereit\u00adge\u00adstell\u00adten Informationen. Haftungsanspr\u00fcche gegen die Autoren, wel\u00adche sich auf Sch\u00e4den mate\u00adri\u00adel\u00adler oder ide\u00adel\u00adler Art bezie\u00adhen, die durch die Nutzung oder Nichtnutzung der dar\u00adge\u00adbo\u00adte\u00adnen Informationen bzw. durch die Nutzung feh\u00adler\u00adhaf\u00adter und unvoll\u00adst\u00e4n\u00addi\u00adger Informationen ver\u00adur\u00adsacht wur\u00adden, sind grund\u00ads\u00e4tz\u00adlich aus\u00adge\u00adschlos\u00adsen, sofern sei\u00adtens der Autoren kein nach\u00adweis\u00adlich vor\u00ads\u00e4tz\u00adli\u00adches oder grob fahr\u00adl\u00e4s\u00adsi\u00adges Verschulden vor\u00adliegt.<br \/>\nAlle Angebote sind frei\u00adblei\u00adbend und unver\u00adbind\u00adlich. Die Autoren behalten es sich aus\u00addr\u00fcck\u00adlich vor, Teile der Seiten oder das gesamte Angebot ohne geson\u00adderte Ank\u00fcndigung zu ver\u00ad\u00e4n\u00addern, zu erg\u00e4n\u00adzen, zu l\u00f6schen oder die Ver\u00f6ffentlichung zeit\u00adweise oder end\u00adg\u00fcl\u00adtig einzustellen.<\/p>\n<h3>2. Verweise und Links<\/h3>\n<p>Bei direk\u00adten oder indi\u00adrek\u00adten Verweisen auf fremde Webseiten (\u201cHyperlinks\u201d), die au\u00dfer\u00adhalb des Verantwortungsbereiches der Autoren lie\u00adgen, w\u00fcrde eine Haftungsverpflichtung aus\u00adschlie\u00df\u00adlich in dem Fall in Kraft tre\u00adten, in dem die Autoren von den Inhalten Kenntnis hat und es ihm tech\u00adnisch m\u00f6g\u00adlich und zumut\u00adbar w\u00e4re, die Nutzung im Falle rechts\u00adwid\u00adri\u00adger Inhalte zu ver\u00adhin\u00addern.<br \/>\nDie Autoren erkl\u00e4ren hier\u00admit aus\u00addr\u00fcck\u00adlich, dass zum Zeitpunkt der Linksetzung keine ille\u00adga\u00adlen Inhalte auf den zu ver\u00adlin\u00adken\u00adden Seiten erkenn\u00adbar waren. Auf die aktu\u00adelle und zuk\u00fcnf\u00adtige Gestaltung, die Inhalte oder die Urheberschaft der verlinkten\/verkn\u00fcpften Seiten haben die Autoren kei\u00adner\u00adlei Einfluss. Deshalb dis\u00adtan\u00adzieren sie sich hier\u00admit aus\u00addr\u00fcck\u00adlich von allen Inhalten aller ver\u00adlink\u00adten \/verkn\u00fcpften Seiten, die nach der Linksetzung ver\u00ad\u00e4n\u00addert wur\u00adden. Diese Feststellung gilt f\u00fcr alle inner\u00adhalb des eige\u00adnen Internetangebotes gesetz\u00adten Links und Verweise sowie f\u00fcr Fremdeintr\u00e4ge in von Autoren ein\u00adge\u00adrich\u00adte\u00adten G\u00e4steb\u00fcchern, Diskussionsforen, Linkverzeichnissen, Mailinglisten und in allen ande\u00adren Formen von Datenbanken, auf deren Inhalt externe Schreibzugriffe m\u00f6g\u00adlich sind. F\u00fcr ille\u00adgale, feh\u00adler\u00adhafte oder unvoll\u00adst\u00e4n\u00addige Inhalte und ins\u00adbe\u00adson\u00addere f\u00fcr Sch\u00e4den, die aus der Nutzung oder Nichtnutzung sol\u00adcher\u00adart dar\u00adge\u00adbo\u00adte\u00adner Informationen ent\u00adste\u00adhen, haf\u00adtet allein der Anbieter der Seite, auf wel\u00adche ver\u00adwie\u00adsen wurde, nicht der\u00adje\u00adnige, der \u00fcber Links auf die jewei\u00adlige Ver\u00f6ffentlichung ledig\u00adlich verweist.<\/p>\n<h3>3. Urheber\u2013 und Kennzeichenrecht<\/h3>\n<p>Die Autoren sind bestrebt, in allen Publikationen die Urheberrechte der ver\u00adwen\u00adde\u00adten Bilder, Grafiken, Tondokumente, Videosequenzen und Texte zu beach\u00adten, von ihnen selbst erstellte Bilder, Grafiken, Tondokumente, Videosequenzen und Texte zu nut\u00adzen oder auf lizenz\u00adfreie Grafiken, Tondokumente, Videosequenzen und Texte zur\u00fcck\u00adzu\u00adgrei\u00adfen.<br \/>\nAlle inner\u00adhalb des Internetangebotes genann\u00adten und ggf. durch Dritte gesch\u00fctz\u00adten Marken\u2013 und Warenzeichen unter\u00adlie\u00adgen unein\u00adge\u00adschr\u00e4nkt den Bestimmungen des jeweils g\u00fcl\u00adti\u00adgen Kennzeichenrechts und den Besitzrechten der jewei\u00adli\u00adgen ein\u00adge\u00adtra\u00adge\u00adnen Eigent\u00fcmer. Allein auf\u00adgrund der blo\u00ad\u00dfen Nennung ist nicht der Schluss zu zie\u00adhen, dass Markenzeichen nicht durch Rechte Dritter gesch\u00fctzt sind!<br \/>\nDas Copyright f\u00fcr ver\u00ad\u00f6f\u00adfent\u00adlichte, von den Autoren selbst erstellte Objekte bleibt allein bei den Autoren der Seiten. Eine Vervielf\u00e4ltigung oder Verwendung sol\u00adcher Grafiken, Tondokumente, Videosequenzen und Texte in ande\u00adren elek\u00adtro\u00adni\u00adschen oder gedruck\u00adten Publikationen ist ohne aus\u00addr\u00fcck\u00adli\u00adche Zustimmung des Autoren nicht gestattet.<\/p>\n<h3>4. Datenschutz<\/h3>\n<p>Inner\u00adhalb des Internetangebotes k\u00f6nnten per\u00ads\u00f6n\u00adli\u00adche oder gesch\u00e4ft\u00adli\u00adche Daten erhoben werden. Bitte beachten sie die <a href=\"http:\/\/3ronco.vahanus.net\/?page_id=812\">Datenschutzerkl\u00e4rung<\/a> f\u00fcr eine detaillierte Beschreibung der Daten die auf dieser Website verarbeitet werden.<\/p>\n<h3>5. Rechtswirksamkeit die\u00adses Haftungsausschlusses<\/h3>\n<p>Dieser Haftungsausschluss ist als Teil des Internetangebotes zu betrach\u00adten, von dem aus auf diese Seite ver\u00adwie\u00adsen wurde. Sofern Teile oder ein\u00adzelne Formulierungen die\u00adses Textes der gel\u00adten\u00adden Rechtslage nicht, nicht mehr oder nicht voll\u00adst\u00e4n\u00addig ent\u00adspre\u00adchen soll\u00adten, blei\u00adben die \u00fcbri\u00adgen Teile des Dokumentes in ihrem Inhalt und ihrer G\u00fcltigkeit davon unber\u00fchrt.<\/p>\n","protected":false},"excerpt":{"rendered":"<p>3ronco.vahanus.net Technisch und inhaltlich verantwortlich gem\u00e4\u00df \u00a710 Absatz 3 MDStV: Branko Miki\u0107 Engelbosteler Damm 71 30167 Hannover +49 (0) 511 9406080 eMail Haftungshinweis: Die inhaltliche Verantwortung \u00fcber die einzelnen Blog-Artikel tragen die jeweilig ersichtlichen Autorinnen und Autoren. Trotz sorgf\u00e4ltiger inhaltlicher Kontrolle \u00fcbernehmen wir keine Haftung f\u00fcr die Inhalte externer Links. Wir distanzieren uns ausdr\u00fccklich von [&hellip;]<\/p>\n","protected":false},"author":4,"featured_media":0,"parent":0,"menu_order":0,"comment_status":"closed","ping_status":"closed","template":"page-templates\/full-width.php","meta":{"footnotes":""},"class_list":["post-20","page","type-page","status-publish","hentry"],"_links":{"self":[{"href":"http:\/\/3ronco.vahanus.net\/index.php?rest_route=\/wp\/v2\/pages\/20","targetHints":{"allow":["GET"]}}],"collection":[{"href":"http:\/\/3ronco.vahanus.net\/index.php?rest_route=\/wp\/v2\/pages"}],"about":[{"href":"http:\/\/3ronco.vahanus.net\/index.php?rest_route=\/wp\/v2\/types\/page"}],"author":[{"embeddable":true,"href":"http:\/\/3ronco.vahanus.net\/index.php?rest_route=\/wp\/v2\/users\/4"}],"replies":[{"embeddable":true,"href":"http:\/\/3ronco.vahanus.net\/index.php?rest_route=%2Fwp%2Fv2%2Fcomments&post=20"}],"version-history":[{"count":14,"href":"http:\/\/3ronco.vahanus.net\/index.php?rest_route=\/wp\/v2\/pages\/20\/revisions"}],"predecessor-version":[{"id":841,"href":"http:\/\/3ronco.vahanus.net\/index.php?rest_route=\/wp\/v2\/pages\/20\/revisions\/841"}],"wp:attachment":[{"href":"http:\/\/3ronco.vahanus.net\/index.php?rest_route=%2Fwp%2Fv2%2Fmedia&parent=20"}],"curies":[{"name":"wp","href":"https:\/\/api.w.org\/{rel}","templated":true}]}}